{"id":1693,"date":"2026-02-17T10:55:23","date_gmt":"2026-02-17T09:55:23","guid":{"rendered":"https:\/\/www.nochilinga-alpakas.at\/shop.nochilinga-alpakas.at\/?post_type=product&#038;p=1693"},"modified":"2026-03-28T15:02:11","modified_gmt":"2026-03-28T14:02:11","slug":"alpacare-lipbalm-verschiedene-sorten-5g","status":"publish","type":"product","link":"https:\/\/www.nochilinga-alpakas.at\/shop.nochilinga-alpakas.at\/produkt\/alpacare-lipbalm-verschiedene-sorten-5g\/","title":{"rendered":"AlpaCare Lipbalm, verschiedene Sorten 5g"},"content":{"rendered":"<p class=\"\">Lippenbalsam Pflegestift<br \/>\nDein t\u00e4glicher Lippenkick f\u00fcr Geschmeidigkeit, Schutz und nat\u00fcrliche Frische \u2013 ganz ohne Kompromisse<\/p>\n<p class=\"\">Olive Hug<br \/>\nPflege, die man sp\u00fcrt! Der OlivHug Lippenbalsam kombiniert wertvolles Oliven\u00f6l,\u00a0Jasminwachs\u00a0und\u00a0Alpaka-Keratin\u00a0f\u00fcr samtweiche, gesch\u00fctzte Lippen. Nat\u00fcrlich, n\u00e4hrend &amp; einfach zum Verlieben<\/p>\n<p class=\"\">Matcha Kiss<br \/>\nReiswachs, Reiskeim\u00f6l,Baumwollsaat\u00f6l \u00a0und wertvolles\u00a0Alpaka-Keratin\u00a0vereinen sich mit dem antioxidativen Zauber von\u00a0Matcha (Gr\u00fcntee).<\/p>\n","protected":false},"excerpt":{"rendered":"<p>Lippenbalsam Pflegestift Dein t\u00e4glicher Lippenkick f\u00fcr Geschmeidigkeit, Schutz und nat\u00fcrliche Frische \u2013 ganz ohne Kompromisse Olive Hug Pflege, die man sp\u00fcrt! Der OlivHug Lippenbalsam kombiniert wertvolles Oliven\u00f6l,\u00a0Jasminwachs\u00a0und\u00a0Alpaka-Keratin\u00a0f\u00fcr samtweiche, gesch\u00fctzte Lippen. Nat\u00fcrlich, n\u00e4hrend &amp; einfach zum Verlieben Matcha Kiss Reiswachs, Reiskeim\u00f6l,Baumwollsaat\u00f6l \u00a0und wertvolles\u00a0Alpaka-Keratin\u00a0vereinen sich mit dem antioxidativen Zauber von\u00a0Matcha (Gr\u00fcntee).<\/p>\n","protected":false},"featured_media":1697,"template":"","meta":[],"product_brand":[],"product_cat":[18],"product_tag":[],"class_list":{"0":"post-1693","1":"product","2":"type-product","3":"status-publish","4":"has-post-thumbnail","6":"product_cat-seifen","8":"first","9":"outofstock","10":"shipping-taxable","11":"purchasable","12":"product-type-variable"},"supplier_id":762,"supplier_sku":"","barcode":null,"atum_controlled":true,"out_stock_date":"2026-02-17 10:55:23","out_stock_threshold":null,"inheritable":true,"inbound_stock":0,"stock_on_hold":0,"sold_today":0,"sales_last_days":2,"reserved_stock":null,"customer_returns":null,"warehouse_damage":null,"lost_in_post":null,"other_logs":null,"out_stock_days":46,"lost_sales":0,"has_location":false,"update_date":"2026-04-05T02:22:22","atum_locations":[],"atum_stock_status":"outofstock","restock_status":false,"low_stock_amount":"","sales_update_date":"2026-04-05T02:22:22","calc_backorders":null,"jetpack_sharing_enabled":true,"_links":{"self":[{"href":"https:\/\/www.nochilinga-alpakas.at\/shop.nochilinga-alpakas.at\/wp-json\/wp\/v2\/product\/1693","targetHints":{"allow":["GET"]}}],"collection":[{"href":"https:\/\/www.nochilinga-alpakas.at\/shop.nochilinga-alpakas.at\/wp-json\/wp\/v2\/product"}],"about":[{"href":"https:\/\/www.nochilinga-alpakas.at\/shop.nochilinga-alpakas.at\/wp-json\/wp\/v2\/types\/product"}],"wp:featuredmedia":[{"embeddable":true,"href":"https:\/\/www.nochilinga-alpakas.at\/shop.nochilinga-alpakas.at\/wp-json\/wp\/v2\/media\/1697"}],"wp:attachment":[{"href":"https:\/\/www.nochilinga-alpakas.at\/shop.nochilinga-alpakas.at\/wp-json\/wp\/v2\/media?parent=1693"}],"wp:term":[{"taxonomy":"product_brand","embeddable":true,"href":"https:\/\/www.nochilinga-alpakas.at\/shop.nochilinga-alpakas.at\/wp-json\/wp\/v2\/product_brand?post=1693"},{"taxonomy":"product_cat","embeddable":true,"href":"https:\/\/www.nochilinga-alpakas.at\/shop.nochilinga-alpakas.at\/wp-json\/wp\/v2\/product_cat?post=1693"},{"taxonomy":"product_tag","embeddable":true,"href":"https:\/\/www.nochilinga-alpakas.at\/shop.nochilinga-alpakas.at\/wp-json\/wp\/v2\/product_tag?post=1693"}],"curies":[{"name":"wp","href":"https:\/\/api.w.org\/{rel}","templated":true}]}}