{"id":316,"date":"2023-01-24T19:25:27","date_gmt":"2023-01-24T18:25:27","guid":{"rendered":"https:\/\/www.nochilinga-alpakas.at\/shop.nochilinga-alpakas.at\/?post_type=product&#038;p=316"},"modified":"2026-01-22T15:41:29","modified_gmt":"2026-01-22T14:41:29","slug":"stirnband-sport","status":"publish","type":"product","link":"https:\/\/www.nochilinga-alpakas.at\/shop.nochilinga-alpakas.at\/produkt\/stirnband-sport\/","title":{"rendered":"Stirnband Sport"},"content":{"rendered":"<p>Das modische Sport- Stirnband aus Baby Alpaka und Wolle isoliert und sitzt perfekt.<br \/>\nZudem ist es durch sein winddichtes Baumwollfutter hervorragend f\u00fcr sportliche Aktivit\u00e4ten geeignet, auch an k\u00fchleren Tagen geeignet.<\/p>\n<p>&#8211; Material: 50% Alpaka (Baby Alpaka) 45% Wolle 5% Nylon<br \/>\n&#8211; Futter: 100% Baumwolle<br \/>\n&#8211; f\u00fcr Damen und Herren<br \/>\n&#8211; kuschelig weich und anschmiegsam<br \/>\n&#8211; robust und fusselfrei<br \/>\n&#8211; Bandbreite: 9cm<\/p>\n","protected":false},"excerpt":{"rendered":"<p>Das modische Sport- Stirnband aus Baby Alpaka und Wolle isoliert und sitzt perfekt. Zudem ist es durch sein winddichtes Baumwollfutter hervorragend f\u00fcr sportliche Aktivit\u00e4ten geeignet, auch an k\u00fchleren Tagen geeignet. &#8211; Material: 50% Alpaka (Baby Alpaka) 45% Wolle 5% Nylon &#8211; Futter: 100% Baumwolle &#8211; f\u00fcr Damen und Herren &#8211; kuschelig weich und anschmiegsam &#8211; [&hellip;]<\/p>\n","protected":false},"featured_media":650,"template":"","meta":[],"product_brand":[],"product_cat":[49],"product_tag":[],"class_list":{"0":"post-316","1":"product","2":"type-product","3":"status-publish","4":"has-post-thumbnail","6":"product_cat-stirnbaender","7":"pa_farbe-anthrazit","8":"pa_farbe-blau","9":"pa_farbe-fuchsie","11":"first","12":"instock","13":"sale","14":"shipping-taxable","15":"purchasable","16":"product-type-variable"},"supplier_id":null,"supplier_sku":"","barcode":null,"atum_controlled":true,"out_stock_date":null,"out_stock_threshold":null,"inheritable":true,"inbound_stock":0,"stock_on_hold":0,"sold_today":0,"sales_last_days":0,"reserved_stock":0,"customer_returns":0,"warehouse_damage":0,"lost_in_post":0,"other_logs":0,"out_stock_days":0,"lost_sales":0,"has_location":false,"update_date":"2026-04-05T02:22:04","atum_locations":[],"atum_stock_status":"instock","restock_status":false,"low_stock_amount":"","sales_update_date":"2026-04-05T02:22:04","calc_backorders":null,"jetpack_sharing_enabled":true,"_links":{"self":[{"href":"https:\/\/www.nochilinga-alpakas.at\/shop.nochilinga-alpakas.at\/wp-json\/wp\/v2\/product\/316","targetHints":{"allow":["GET"]}}],"collection":[{"href":"https:\/\/www.nochilinga-alpakas.at\/shop.nochilinga-alpakas.at\/wp-json\/wp\/v2\/product"}],"about":[{"href":"https:\/\/www.nochilinga-alpakas.at\/shop.nochilinga-alpakas.at\/wp-json\/wp\/v2\/types\/product"}],"wp:featuredmedia":[{"embeddable":true,"href":"https:\/\/www.nochilinga-alpakas.at\/shop.nochilinga-alpakas.at\/wp-json\/wp\/v2\/media\/650"}],"wp:attachment":[{"href":"https:\/\/www.nochilinga-alpakas.at\/shop.nochilinga-alpakas.at\/wp-json\/wp\/v2\/media?parent=316"}],"wp:term":[{"taxonomy":"product_brand","embeddable":true,"href":"https:\/\/www.nochilinga-alpakas.at\/shop.nochilinga-alpakas.at\/wp-json\/wp\/v2\/product_brand?post=316"},{"taxonomy":"product_cat","embeddable":true,"href":"https:\/\/www.nochilinga-alpakas.at\/shop.nochilinga-alpakas.at\/wp-json\/wp\/v2\/product_cat?post=316"},{"taxonomy":"product_tag","embeddable":true,"href":"https:\/\/www.nochilinga-alpakas.at\/shop.nochilinga-alpakas.at\/wp-json\/wp\/v2\/product_tag?post=316"}],"curies":[{"name":"wp","href":"https:\/\/api.w.org\/{rel}","templated":true}]}}