{"id":431,"date":"2023-01-25T13:44:30","date_gmt":"2023-01-25T12:44:30","guid":{"rendered":"https:\/\/www.nochilinga-alpakas.at\/shop.nochilinga-alpakas.at\/?post_type=product&#038;p=431"},"modified":"2025-12-19T16:09:31","modified_gmt":"2025-12-19T15:09:31","slug":"beinstulpen-biesen","status":"publish","type":"product","link":"https:\/\/www.nochilinga-alpakas.at\/shop.nochilinga-alpakas.at\/produkt\/beinstulpen-biesen\/","title":{"rendered":"Beinstulpen Biesen"},"content":{"rendered":"<p>\u00dcber Leggings, Strumpfhosen oder schmale Jeans &#8211; eine tolle Optik!<br \/>\nBeinstulpen aus Baby-Alpaka halten die Beine sch\u00f6n warm, im Vordergrund steht aber nat\u00fcrlich die tolle Optik.<\/p>\n<p>&#8211; aufwendiger dicker Biesenstrick<br \/>\n&#8211; zeitlos elegant<br \/>\n&#8211; nie wieder G\u00e4nsehaut wegen K\u00e4lte<br \/>\n&#8211; L\u00e4nge: ca. 40cm<br \/>\n&#8211; Material: 100% Alpaka (Baby Alpaka)<\/p>\n","protected":false},"excerpt":{"rendered":"<p>\u00dcber Leggings, Strumpfhosen oder schmale Jeans &#8211; eine tolle Optik! Beinstulpen aus Baby-Alpaka halten die Beine sch\u00f6n warm, im Vordergrund steht aber nat\u00fcrlich die tolle Optik. &#8211; aufwendiger dicker Biesenstrick &#8211; zeitlos elegant &#8211; nie wieder G\u00e4nsehaut wegen K\u00e4lte &#8211; L\u00e4nge: ca. 40cm &#8211; Material: 100% Alpaka (Baby Alpaka)<\/p>\n","protected":false},"featured_media":432,"template":"","meta":[],"product_brand":[],"product_cat":[52],"product_tag":[],"class_list":{"0":"post-431","1":"product","2":"type-product","3":"status-publish","4":"has-post-thumbnail","6":"product_cat-schals-und-beinstulpen","7":"pa_farbe-anthrazit","8":"pa_farbe-blau-meliert","9":"pa_farbe-sand","10":"pa_farbe-schwarz","11":"pa_farbe-wollweiss","13":"first","14":"instock","15":"shipping-taxable","16":"purchasable","17":"product-type-variable"},"supplier_id":null,"supplier_sku":"","barcode":null,"atum_controlled":true,"out_stock_date":null,"out_stock_threshold":null,"inheritable":true,"inbound_stock":0,"stock_on_hold":0,"sold_today":0,"sales_last_days":0,"reserved_stock":0,"customer_returns":0,"warehouse_damage":0,"lost_in_post":0,"other_logs":0,"out_stock_days":0,"lost_sales":0,"has_location":false,"update_date":"2026-04-05T02:22:08","atum_locations":[],"atum_stock_status":"instock","restock_status":false,"low_stock_amount":"","sales_update_date":"2026-04-05T02:22:08","calc_backorders":null,"jetpack_sharing_enabled":true,"_links":{"self":[{"href":"https:\/\/www.nochilinga-alpakas.at\/shop.nochilinga-alpakas.at\/wp-json\/wp\/v2\/product\/431","targetHints":{"allow":["GET"]}}],"collection":[{"href":"https:\/\/www.nochilinga-alpakas.at\/shop.nochilinga-alpakas.at\/wp-json\/wp\/v2\/product"}],"about":[{"href":"https:\/\/www.nochilinga-alpakas.at\/shop.nochilinga-alpakas.at\/wp-json\/wp\/v2\/types\/product"}],"wp:featuredmedia":[{"embeddable":true,"href":"https:\/\/www.nochilinga-alpakas.at\/shop.nochilinga-alpakas.at\/wp-json\/wp\/v2\/media\/432"}],"wp:attachment":[{"href":"https:\/\/www.nochilinga-alpakas.at\/shop.nochilinga-alpakas.at\/wp-json\/wp\/v2\/media?parent=431"}],"wp:term":[{"taxonomy":"product_brand","embeddable":true,"href":"https:\/\/www.nochilinga-alpakas.at\/shop.nochilinga-alpakas.at\/wp-json\/wp\/v2\/product_brand?post=431"},{"taxonomy":"product_cat","embeddable":true,"href":"https:\/\/www.nochilinga-alpakas.at\/shop.nochilinga-alpakas.at\/wp-json\/wp\/v2\/product_cat?post=431"},{"taxonomy":"product_tag","embeddable":true,"href":"https:\/\/www.nochilinga-alpakas.at\/shop.nochilinga-alpakas.at\/wp-json\/wp\/v2\/product_tag?post=431"}],"curies":[{"name":"wp","href":"https:\/\/api.w.org\/{rel}","templated":true}]}}